se -157 = -s*h + 33. Suppose 3*n - h = 250. What is the units digit of n?
6
Let w(b) = b + 6. Let z(u) = 3*u**2 - 33*u. Let i be z(11). Let r be w(i). What is the tens digit of -3*2/r*-76?
7
Let u(p) = 867*p**2 + 4. What is the thousands digit of u(2)?
3
Let v = 7643 + 4648. What is the units digit of v?
1
Let t(r) be the third derivative of 0 - 17*r**2 + 0*r - 1/60*r**5 + 7/6*r**3 - 5/8*r**4. What is the tens digit of t(-10)?
5
Suppose -4*y = -4*r, 3*y - 7 = 5*r - 1. Let x be (-14)/(-8) + (6/(-8))/y. Suppose 2*k + b = 221, 4*k + x*b = -2*b + 432. What is the hundreds digit of k?
1
Suppose 36 = -25*o + 28*o. Suppose 16 = p + o. Suppose -p*k - 605 = -9*k. What is the units digit of k?
1
What is the hundreds digit of 2566600/2460*(-216)/(-5)?
0
Suppose x - 2 = 4*w, 3*x - 7*x = -4*w - 8. Suppose 7*c + 3*s + 4188 = 11*c, -4*c + x*s + 4188 = 0. What is the thousands digit of c?
1
Let o = 124 - 124. Suppose o = 3*k - 2*r - 100, 4*k - 10 = -5*r + 108. What is the tens digit of k?
3
Let v be (-6)/(-15) + 0 - 8892/(-45). Suppose 0 = -v*d + 193*d + 1655. What is the hundreds digit of d?
3
What is the tens digit of ((-456)/(-60) + 12)*385/2?
7
What is the hundreds digit of 2762 + (4/(-18) - (-18)/81) + -5?
7
Suppose -3*d + 33631 = 5*t, 18*t + 33635 = 23*t + 5*d. What is the hundreds digit of t?
7
Suppose -2*a + 122 = -56. Suppose 0 = 5*t + a + 121. Let i = -37 - t. What is the units digit of i?
5
Suppose 2*t = -5*o - 3*t - 15, o - 2*t = 6. Suppose 0 = -l - 3*h + 42, o*h - 43 = -l - 2*h. Let q = -18 + l. What is the tens digit of q?
2
Suppose 104 + 842 = 2*j. Suppose j = -20*d + 3693. What is the tens digit of d?
6
Let z(y) = 318*y**2 + 92*y - 1235. What is the ten thousands digit of z(13)?
5
Let m(l) = 7*l - 26. Suppose -6*c = -5*c - 4. Let h be m(c). Suppose -3*u + 3*t = 2*u - 98, 3*u = -h*t + 55. What is the tens digit of u?
1
Let x = -58 - -56. What is the units digit of (-3 + (8 - 1))/(x/(-122))?
4
Let d(r) = 2*r**2 + r - 6. Suppose 2*z - 28 = -12*z. Let x be d(z). Let l(a) = 10*a**2 + 3*a - 14. What is the hundreds digit of l(x)?
1
Let k be -1 + 6/39 + 111/39. Let j(i) = k*i**2 - i**2 - 6*i - 9 + 2 + 0*i**2. What is the units digit of j(-5)?
8
Let a(g) = 2*g - 22. Let w be a(-9). What is the tens digit of (-16)/w*(1990/4 + 0)?
9
Let b = 20570 - 9202. What is the thousands digit of b?
1
Let w(n) = -13*n + 59. Let t be w(19). Let u be t*1*(8 + -10). Let l = u - 166. What is the hundreds digit of l?
2
Let t(p) = 4*p**3 - 10*p**2 - 12*p - 5. Suppose -10*b + 38 + 22 = 0. What is the hundreds digit of t(b)?
4
Let d(h) = -7*h**3 - 18*h**2 + 73*h - 41. What is the ten thousands digit of d(-22)?
6
Let u = 9977 + -1078. What is the hundreds digit of u?
8
Suppose 178*h + 2362 + 4528 = 179*h. What is the thousands digit of h?
6
Let a(o) = -62*o**3 - 7*o**2 - 91*o - 686. What is the ten thousands digit of a(-7)?
2
Suppose -16*j = -151033 + 7673. What is the tens digit of j?
6
Suppose 35*p = 26651 + 26409. Suppose -p + 11591 = 25*v. What is the tens digit of v?
0
Let j = 53 - 137. Let r = -82 - j. Suppose -3*g = 4*n - 32, -g = -3*n - r*g + 24. What is the units digit of n?
8
Let d = 5295 + -2711. Suppose 33*h - 37*h = -d. What is the hundreds digit of h?
6
Suppose 27 = p - 4*g + 39, -2*g + 34 = 3*p. Suppose p*k - 866 = -4*r + 7*k, -426 = -2*r + 3*k. What is the hundreds digit of r?
2
Let t(m) = 3*m + 36. Let a be t(-11). Suppose -18 + a = 5*z. What is the units digit of 5*(z + 1 - -13)*1?
5
Let h = -30 - -53. Let q = h + 3. Suppose 55 = r - q. What is the tens digit of r?
8
Let i(w) = 22*w**2 + 467*w + 73. What is the tens digit of i(-31)?
3
Let i = 3 - 6. Let x be -2 + -1 + (-24 - i). Let v = 38 - x. What is the units digit of v?
2
Let m = 7 + -9. Let y be (4 + -7)/(1/m). What is the hundreds digit of (-26)/3*(-4 - 57/y)?
1
Suppose -3420 = -11*p + 45. Suppose p = 5*g - 455. What is the tens digit of g?
5
Let m = 5603 + 3724. What is the thousands digit of m?
9
Suppose -54 = -10*q + 7*q. Suppose -q*u = -13*u - 2060. Suppose -3*n - y = -0*n - u, -5*n + 688 = y. What is the tens digit of n?
3
Let h(w) = 946*w**3 + 2*w**2 - 8*w + 6. What is the units digit of h(2)?
6
Let q be (-99)/(-18) + (2/1)/4. Suppose -3*a = -q*a + 1323. What is the tens digit of a?
4
Let j = -42 + 42. Let a be j + (-15)/5 - -8. Let l = 52 + a. What is the units digit of l?
7
Let x = -677 + 621. What is the units digit of ((-210)/x)/(6/368)?
0
What is the units digit of (6/21)/((-21)/(-26754))?
4
Let m(p) = -p**3 - 34*p**2 + 97*p - 31. Let g be m(-37). Let d = g - 248. What is the tens digit of d?
3
Suppose 52*j - 1318946 - 308290 = 0. What is the tens digit of j?
9
Let y(r) = 58*r + 106. Let z(o) = -29*o - 54. Let u(s) = 4*y(s) + 9*z(s). What is the tens digit of u(-8)?
7
Let w be ((-27)/6)/(3/6). Suppose 3*g + 2*g = 120. What is the units digit of ((-6)/w)/((-23)/g + 1)?
6
What is the tens digit of (-9)/(-4)*6/9*1205132/57?
1
What is the ten thousands digit of (-17)/(-34)*-48 + 62229?
6
Suppose -19 = -z + 5*h, -z + 4*h + 11 + 5 = 0. Suppose 3*o - 2921 = -5*p, -3*o - z*p + 2923 = -0*o. What is the tens digit of o?
7
Let i = 339 + 730. Let w = i + -462. What is the units digit of w?
7
Let b = -85 - -90. Suppose -150 = -n - b*p + 219, 1056 = 3*n - 2*p. Suppose 0 = -20*a + 14*a + n. What is the tens digit of a?
5
Let z be 5 + (-8 - 110) - -3. Let d = z + 828. What is the hundreds digit of d?
7
Let q = -45 + 43. Let n(v) = 2*v - 8. Let b be n(q). Let u(k) = -6*k + 21. What is the units digit of u(b)?
3
Suppose 18 = 5*r - 4*p, -3*r + 2*r = p. Suppose r*v + 4*v = 6456. What is the hundreds digit of v?
0
Let z(w) = -w**3 - 15*w**2 - 37*w - 10. Let t be z(-12). Suppose t*i = 454 + 66. What is the units digit of i?
0
Let z be (-80)/(-12) - (-4)/(-6). Let w(i) = i**2 - 9*i + 24. Let f be w(6). What is the units digit of f/8*(-1 - (-486)/z)?
0
Suppose -3*r + 2*o + 28 = 0, -3*r + o + 26 = -0*o. Suppose -r*c + c - c = 0. Suppose c = -5*f + 2*w + 590, f = 3*f - 4*w - 236. What is the hundreds digit of f?
1
Let z(s) = 92*s**3 - 21*s**2 - 11*s + 5. What is the hundreds digit of z(7)?
4
Let x be 1/(2/(-282)) - 2. Let n = 243 + x. Suppose -5*u - n = -5*q, -120 = 4*q - 9*q + u. What is the units digit of q?
5
Let p be 24/64 + (-61)/(-8). Suppose 5*t = -2*w + 24, -4 = 7*t - p*t. Suppose -3*j + 0*j = -3*s + 456, w*s + 5*j - 325 = 0. What is the hundreds digit of s?
1
Let l(y) = 3*y**2 - 50*y + 38. Let a be l(16). Suppose 4*i = -4*p + a*i + 3212, -p - 3*i + 803 = 0. What is the hundreds digit of p?
8
What is the thousands digit of 11*(-40)/(-110) - -6881?
6
Let g(z) = -36*z - 68. Let y(q) = -34*q - 69. Let w(p) = 7*g(p) - 6*y(p). What is the tens digit of w(-11)?
6
Suppose 12*r - 230 = -206. Suppose r*t - 4*l - 276 = -l, 5*t - 3*l - 690 = 0. What is the units digit of t?
8
Let v(g) = -4 + 18*g - 33*g + 13*g. Let y be v(5). What is the tens digit of ((-106)/6)/(2 - y/(-6))?
5
Suppose -57*y = -201 - 27. Let q(p) = -p - 5. Let m be q(-10). Suppose -360 = -m*c + i, 282 = y*c - i - i. What is the tens digit of c?
7
Let m be (20/(-15))/((-2)/39). Let s be (m/(-4))/((-5)/10). What is the units digit of (47/(-6))/(s/(-78))?
7
What is the tens digit of ((-21)/(315/500))/(10/(-14745)*1)?
5
What is the units digit of ((-4871)/(-2))/(210/2100)?
5
Let s(f) = -f**2 + 59*f - 29. Let m be s(7). Let c = 14 - 8. Suppose -c*t = -t - m. What is the tens digit of t?
6
Let o(h) = 148*h**2 - 110*h - 1016. What is the thousands digit of o(-8)?
9
Suppose -33 = -2*q + 50*c - 49*c, -4*c + 36 = 4*q. Suppose 0 = -q*p + 2046 + 9322. What is the tens digit of p?
1
Suppose -2*z + 3*r = 2*z - 9174, 4*z - 9176 = 2*r. Suppose 3*s = -6*s + z. What is the tens digit of s?
5
Let w(y) = -5566*y**3 - 10*y**2 - 27*y - 24. What is the thousands digit of w(-2)?
4
Suppose -4*q = -k - 1095, 3*q - 5*q = 3*k - 565. Let j be 1494/4 - 3/6. Suppose -j = -4*r + q. What is the tens digit of r?
6
Let r(f) = -2*f**3 - 212*f**2 - 57*f - 1081. What is the hundreds digit of r(-106)?
9
Let t(a) = a**2 - 23*a + 1388. What is the units digit of t(-86)?
2
Suppose 0 = 2*m + 3*n - 949, 0 = 3*n - 29 + 8. Suppose 4*w + 1 = 2*w - v, -5*v - 5 = 5*w. Suppose 7*f + f - m = w. What is the tens digit of f?
5
Let u = 123 + 8764. What is the units digit of u?
7
Let q = 363 + -155. 